ds digit of 66672286?
2
What is the hundred millions digit of 106450417?
1
What is the hundred millions digit of 359192519?
3
What is the hundred millions digit of 2472269035?
4
What is the ten thousands digit of 883256704?
5
What is the ten thousands digit of 203204631?
0
What is the thousands digit of 329431486?
1
What is the hundreds digit of 2324998054?
0
What is the units digit of 161612464?
4
What is the ten millions digit of 408088946?
0
What is the ten thousands digit of 527663567?
6
What is the ten thousands digit of 466493859?
9
What is the millions digit of 50084305?
0
What is the millions digit of 214150867?
4
What is the thousands digit of 298772688?
2
What is the hundred millions digit of 846327484?
8
What is the hundred millions digit of 179014502?
1
What is the tens digit of 559287756?
5
What is the units digit of 52608379?
9
What is the ten thousands digit of 1452567425?
6
What is the tens digit of 613812570?
7
What is the units digit of 55157053?
3
What is the thousands digit of 6911260324?
0
What is the ten thousands digit of 2889912552?
1
What is the units digit of 162374758?
8
What is the hundred millions digit of 797477162?
7
What is the hundred thousands digit of 178463814?
4
What is the ten thousands digit of 253737284?
3
What is the thousands digit of 3377543529?
3
What is the hundred thousands digit of 27572727?
5
What is the millions digit of 3335742820?
5
What is the hundred thousands digit of 496529245?
5
What is the hundred thousands digit of 27508476?
5
What is the units digit of 51846011?
1
What is the hundreds digit of 110020034?
0
What is the hundred thousands digit of 173405191?
4
What is the millions digit of 744348560?
4
What is the hundreds digit of 34982?
9
What is the hundreds digit of 1305695167?
1
What is the thousands digit of 898302956?
2
What is the ten thousands digit of 92751146?
5
What is the hundred thousands digit of 116455662?
4
What is the hundred thousands digit of 184821495?
8
What is the ten millions digit of 1217526312?
1
What is the tens digit of 1571814772?
7
What is the hundred thousands digit of 1252107492?
1
What is the millions digit of 744086017?
4
What is the millions digit of 60875113?
0
What is the millions digit of 47705668?
7
What is the units digit of 248249542?
2
What is the millions digit of 369399428?
9
What is the tens digit of 2373010603?
0
What is the millions digit of 22459398?
2
What is the thousands digit of 39633521?
3
What is the hundred thousands digit of 386497994?
4
What is the billions digit of 1278139910?
1
What is the billions digit of 1350482851?
1
What is the tens digit of 62117540?
4
What is the tens digit of 15945194?
9
What is the hundred millions digit of 1609089273?
6
What is the hundred thousands digit of 224892821?
8
What is the tens digit of 20813435?
3
What is the ten millions digit of 21349957?
2
What is the millions digit of 22819750?
2
What is the millions digit of 2130136473?
0
What is the tens digit of 57852483?
8
What is the units digit of 50143091?
1
What is the units digit of 650707307?
7
What is the millions digit of 153756471?
3
What is the millions digit of 78777028?
8
What is the millions digit of 105065107?
5
What is the units digit of 102077337?
7
What is the millions digit of 83146060?
3
What is the hundred thousands digit of 91236579?
2
What is the ten millions digit of 256715523?
5
What is the hundreds digit of 62919578?
5
What is the hundred thousands digit of 581106893?
1
What is the hundred thousands digit of 252169779?
1
What is the ten thousands digit of 27168193?
6
What is the hundreds digit of 46729571?
5
What is the ten millions digit of 31316798?
3
What is the hundred thousands digit of 49644413?
6
What is the units digit of 25356478?
8
What is the ten millions digit of 1684371195?
8
What is the units digit of 3881269753?
3
What is the hundred thousands digit of 27546232?
5
What is the hundred thousands digit of 39710023?
7
What is the millions digit of 2403709430?
3
What is the tens digit of 1020954033?
3
What is the thousands digit of 267393248?
3
What is the thousands digit of 15020956?
0
What is the tens digit of 436356513?
1
What is the units digit of 1195533037?
7
What is the thousands digit of 79529568?
9
What is the ten millions digit of 4177007940?
7
What is the hundreds digit of 67458495?
4
What is the tens digit of 31563819?
1
What is the units digit of 1311088286?
6
What is the ten millions digit of 743984047?
4
What is the hundreds digit of 3981178845?
8
What is the tens digit of 801555879?
7
What is the ten thousands digit of 19727872?
2
What is the millions digit of 945052173?
5
What is the tens digit of 37004571?
7
What is the hundreds digit of 1353404652?
6
What is the hundred millions digit of 110875905?
1
What is the millions digit of 1747855884?
7
What is the thousands digit of 30143059?
3
What is the tens digit of 456640677?
7
What is the tens digit of 64543333?
3
What is the ten thousands digit of 2760556346?
5
What is the hundreds digit of 452201757?
7
What is the millions digit of 577891058?
7
What is the hundreds digit of 1058633691?
6
What is the units digit of 21896464?
4
What is the units digit of 23824766?
6
What is the ten millions digit of 422098400?
2
What is the tens digit of 362961547?
4
What is the tens digit of 279897308?
0
What is the millions digit of 1371746340?
1
What is the tens digit of 636142703?
0
What is the billions digit of 1630561234?
1
What is the thousands digit of 55387413?
7
What is the ten millions digit of 87882424?
8
What is the thousands digit of 2242924017?
4
What is the thousands digit of 23208277?
8
What is the units digit of 869495890?
0
What is the thousands digit of 33398004?
8
What is the hundred thousands digit of 5831896297?
8
What is the thousands digit of 1689001398?
1
What is the hundred thousands digit of 85492879?
4
What is the hundred millions digit of 182080180?
1
What is the hundreds digit of 117887670?
6
What is the millions digit of 2715558940?
5
What is the hundred millions digit of 246988977?
2
What is the ten thousands digit of 31339563?
3
What is the ten millions digit of 16611547?
1
What is the thousands digit of 9488032083?
2
What is the ten thousands digit of 2153810273?
1
What is the hundred millions digit of 1836305010?
8
What is the thousands digit of 46304903?
4
What is the thousands digit of 1238226899?
6
What is the thousands digit of 484802390?
2
What is the millions digit of 2290942?
2
What is the millions digit of 51603247?
1
What is the ten thousands digit of 76143543?
4
What is the hundreds digit of 446560582?
5
What is the tens digit of 16197627?
2
What is the hundred millions digit of 7006147420?
0
What is the hundred thousands digit of 1071523822?
5
What is the ten thousands digit of 48398060?
9
What is the hundred millions digit of 301159170?
3
What is the units digit of 636484107?
7
What is the thousands digit of 3907124046?
4
What is the hundreds digit of 297877603?
6
What is the units digit of 6663491?
1
What is the ten millions digit of 19756313?
1
What is the hundred thousands digit of 41921612?
9
What is the hundred millions digit of 157372904?
1
What is the tens digit of 1078449373?
7
What is the ten thousands digit of 1787184012?
8
What is the tens digit of 1454388679?
7
What is the tens digit of 34339638?
3
What is the millions digit of 523664994?
3
What is the tens digit of 47400748?
4
What is the ten millions digit of 528345600?
2
What is the ten thousands digit of 61338105?
3
What is the ten millions digit of 237509463?
3
What is the ten millions digit of 1122856574?
2
What is the ten thousands digit of 653073200?
7
What is the billions digit of 1712146004?
1
What is the millions digit of 58499526?
8
What is the units digit of 34409947?
7
What is the thousands digit of 2422474937?
4
What is the units digit of 42645293?
3
What is the ten millions digit of 98433088?
9
What is the hundred thousands digit of 4240714775?
7
What is the ten millions digit of 557404773?
5
What is the ten thousands digit of 124694231?
9
What is the millions digit of 11665203?
1
What is the ten millions digit of 359666062?
5
What is the ten millions digit of 370048756?
7
What is the millions digit of 2669290666?
9
What is the hundreds di